e 12, what is 25 - -183?
1a8
In base 11, what is 3 - 9?
-6
In base 5, what is -20001 - 0?
-20001
In base 9, what is 4 - 168?
-164
In base 7, what is 161 + 5?
166
In base 16, what is -a - 23?
-2d
In base 4, what is -1001311 + -10?
-1001321
In base 4, what is 3100 - 11?
3023
In base 5, what is -34 - -101?
12
In base 13, what is -5b - 5?
-63
In base 9, what is 0 - 406?
-406
In base 9, what is 1 - 13?
-12
In base 14, what is 11 - 5?
a
In base 14, what is -5 + -193?
-198
In base 12, what is -3 + -a?
-11
In base 11, what is -67 - -3?
-64
In base 10, what is -5 - -229?
224
In base 8, what is 1 - -1231?
1232
In base 13, what is 1 + 158a?
158b
In base 11, what is 2 - -197a?
1981
In base 5, what is -2321 - -2?
-2314
In base 12, what is 1155 + 0?
1155
In base 5, what is 2332 + 3?
2340
In base 4, what is -2010 - 10?
-2020
In base 16, what is -354e + -4?
-3552
In base 2, what is -11 + -1100001000?
-1100001011
In base 13, what is 104 + 9?
110
In base 15, what is -4 + 7c?
78
In base 12, what is 1 - 55?
-54
In base 8, what is 2 + -245?
-243
In base 6, what is 0 - 20?
-20
In base 10, what is -13 + 18?
5
In base 3, what is 221 - -1121?
2112
In base 10, what is -3 + 72?
69
In base 8, what is 152 - 40?
112
In base 16, what is 9 - -40?
49
In base 8, what is 6 - -54?
62
In base 3, what is -10211020 - -1?
-10211012
In base 5, what is -12 - 20?
-32
In base 12, what is 1 + -1b?
-1a
In base 4, what is -1 - 212203?
-212210
In base 3, what is 10 + 110?
120
In base 12, what is -4b - -1b?
-30
In base 5, what is 34 + -220?
-131
In base 10, what is -11 + 3?
-8
In base 2, what is -11 - -10111?
10100
In base 7, what is 0 - 146?
-146
In base 15, what is -32d1 - 5?
-32d6
In base 12, what is -4371 + 3?
-436a
In base 6, what is -50 + -5?
-55
In base 10, what is -2 - 1506?
-1508
In base 13, what is 72 + 14?
86
In base 5, what is -400 - 4?
-404
In base 11, what is 3957 + -4?
3953
In base 13, what is -16 - 81?
-97
In base 16, what is -3 + 3f?
3c
In base 14, what is 5 - -170?
175
In base 15, what is 44 - -5?
49
In base 9, what is -26 + -131?
-157
In base 6, what is 34 + 2?
40
In base 12, what is 6 + -25?
-1b
In base 12, what is -2 - 1952?
-1954
In base 10, what is -20663 - 0?
-20663
In base 4, what is -11102 - -3?
-11033
In base 14, what is 706 + -5?
701
In base 8, what is 25 - -1475?
1522
In base 3, what is 2022 + 1?
2100
In base 12, what is -506 - 0?
-506
In base 5, what is -2013 - 0?
-2013
In base 11, what is -197 + 4?
-193
In base 15, what is 4 - -2c?
31
In base 9, what is 15 - 50?
-34
In base 2, what is -100 + 101111?
101011
In base 7, what is -1 - -4?
3
In base 4, what is -10 - 131?
-201
In base 12, what is 5 - 22?
-19
In base 14, what is 6 + 29?
31
In base 15, what is -c - -b8?
ab
In base 12, what is 3a + -1?
39
In base 2, what is 101000001 + -10?
100111111
In base 15, what is -19 + -253?
-26c
In base 11, what is 34a - -5?
354
In base 7, what is -343 - -22?
-321
In base 13, what is 20 + 8?
28
In base 4, what is -11 + 3222?
3211
In base 13, what is -a4 + -8?
-ac
In base 11, what is a + 16?
25
In base 4, what is 2 - -331?
333
In base 13, what is -280 - 5?
-285
In base 7, what is 14 + 364?
411
In base 12, what is ab8 + -3?
ab5
In base 14, what is -319 - -1?
-318
In base 3, what is -1211 - 12?
-2000
In base 3, what is 20 + -1222221?
-1222201
In base 10, what is 5 + 1?
6
In base 12, what is -3 - -b9?
b6
In base 3, what is -10 + -12?
-22
In base 4, what is -2001 + 3?
-1332
In base 15, what is 3 + 72?
75
In base 12, what is -19 - -103?
a6
In base 16, what is -4e + 3b?
-13
In base 5, what is -11 - -2340?
2324
In base 6, what is -4444 - -4?
-4440
In base 15, what is -3 - -d8?
d5
In base 3, what is 122102012 + -1?
122102011
In base 12, what is 4 + -51?
-49
In base 14, what is 5 - -5d6?
5db
In base 11, what is 72 - -23?
95
In base 6, what is 1 + 123?
124
In base 7, what is -126 + -615?
-1044
In base 14, what is 0 - -4a?
4a
In base 8, what is 16 - -51?
67
In base 14, what is 2 - -11?
13
In base 11, what is -14 + 62?
49
In base 8, what is -33040 + 2?
-33036
In base 6, what is -135 + -334?
-513
In base 13, what is -3 - 153?
-156
In base 16, what is -38c - 0?
-38c
In base 4, what is 32303 + -2?
32301
In base 12, what is 6 + 6?
10
In base 3, what is 12202 + -2?
12200
In base 8, what is -3103 + 1?
-3102
In base 12, what is -18a2 + 1?
-18a1
In base 4, what is 3 - -1333?
2002
In base 5, what is 13323 + 10?
13333
In base 8, what is -3 - 64?
-67
In base 12, what is 1 + -128?
-127
In base 5, what is 240110 - -1?
240111
In base 3, what is -2 - -1121?
1112
In base 5, what is -2143 + 1?
-2142
In base 5, what is -234420 - 3?
-234423
In base 8, what is 53 - 15?
36
In base 3, what is -12 - -20112010?
20111221
In base 9, what is -5 - -185?
180
In base 7, what is 13 - 4?
6
In base 11, what is -9 + 534?
526
In base 10, what is -39 - 325?
-364
In base 10, what is -3 - -5390?
5387
In base 13, what is -26 - -2?
-24
In base 4, what is -10 - 321?
-331
In base 6, what is 33 - 140?
-103
In base 11, what is -1 + 637?
636
In base 8, what is 0 - -137?
137
In base 3, what is -2210 - 21?
-10001
In base 12, what is 148 + 0?
148
In base 3, what is -201 - -1120?
212
In base 4, what is -1010012 + 11?
-1010001
In base 9, what is 1 + 72?
73
In base 14, what is -9 + -c?
-17
In base 4, what is -2231 + -1313?
-10210
In base 8, what is -5 + -46?
-53
In base 9, what is -65 + 4?
-61
In base 9, what is 2 - -245?
247
In base 9, what is 31 - 165?
-134
In base 9, what is -466 - -3?
-463
In base 4, what is 10 - 303?
-233
In base 2, what is 1101000110000 - 101?
1101000101011
In base 7, what is 14025 + -1?
14024
In base 15, what is 396 + -3?
393
In base 2, what is 100 - 100001101?
-100001001
In base 2, what is 101 - 1001100100?
-1001011111
In base 2, what is 100100001100 - 101?
100100000111
In base 3, what is 11 - -101012002?
101012020
In base 6, what is 342 + -5?
333
In base 11, what is -90 - 1?
-91
In base 8, what is -2 + -3645?
-3647
In base 4, what is -10 - 10002?
-10012
In base 5, what is 1 - 210?
-204
In base 9, what is -852 - -8?
-843
In base 8, what is -46 + 15?
-31
In base 7, what is -464 + 26?
-435
In base 15, what is 7 - a55?
-a4d
In base 5, what is -3132 - 1?
-3133
In base 13, what is -4 - 28?
-2c
In base 16, what is 367 - 5?
362
In base 13, what is 5 - -a75?
a7a
In base 5, what is 1443 + -3?
1440
In base 12, what is a + -1?
9
In base 8, what is -41 - -20?
-21
In base 9, what is 3 - 372?
-368
In base 5, what is 4034 - -1?
4040
In base 16, what is 8 - 1aa?
-1a2
In base 16, what is -3 + -50?
-53
In base 4, what is 32 + 32?
130
In base 9, what is -3 - -1?
-2
In base 10, what is -41 - 3?
-44
In base 14, what is -5 - 17b8?
-17bd
In base 13, what is -61 - 1?
-62
In base 4, what is 2021 - 2?
2013
In base 10, what is -1 - -211?
210
In base 11, what is 1a - -3?
22
In base 7, what is 2034 + 5?
2042
In base 11, what is -34 + 11?
-23
In base 13, what is -1527b - -3?
-15278
In base 7, what is -50 - -5?
-42
In base 9, what is -1 + 51?
50
In base 3, what is -12 + 121020?
121001
In base 8, what is -166 + 46?
-120
In base 12, what is -3b9 + 3?
-3b6
In base 15, what is -12 + a6?
94
In base 16, what is -1 - 1?
-2
In base 13, what is -a2 - -3?
-9c
In base 11, what is -5 + 799?
794
In base 8, what is -2 + 14574?
14572
In base 15, what is 5 + -7a?
-75
In base 12, what is -5 - -20?
17
In base 16, what is -846 - 1?
-847
In base 10, what is 247 - 0?
247
In base 11, what is 222 - -1?
223
In base 5, what is 23422 - -4?
23431
In base 16, what is 2 + -a9?
-a7
In base 2, what is -1 + -1011111?
-1100000
In base 5, what is -4 + -110?
-114
In base 15, what is -70c + 10?
-6ec
In base 6, what is -1 - -2501?
2500
In base 2, what is -1010111 + -1000?
-1011111
In base 8, what is 101 - -3?
104
In base 7, what is -102 + 435?
333
In base 10, what is 910 + -5?
905
In base 4, what is 211232 + 0?
211232
In base 8, what is 2 + 424?
426
In base 3, what is -221 - 102?
-1100
In base 14, what is -89 + -18?
-a3
In base 11, what is -4 + 17?
13
In base 2, what is 1010 - -101001000?
101010010
In base 13, what is 30 + ba?
11a
In base 15, what is 3b - 6c?
-31
In base 6, what is -313 + -4?
-321
In base 9, what is -2 + 528?
526
In base 12, what is -4 - 2a1?
-2a5
In base 2, what is -1 + 1110110101111?
1110110101110
In base 3, what is -10121 - 11?
-10202
In base 4, what is 1 - 20